{"id":1508,"date":"2024-08-22T21:59:01","date_gmt":"2024-08-22T19:59:01","guid":{"rendered":"https:\/\/projektmotylarnia.pl\/?page_id=1508"},"modified":"2024-08-26T23:07:25","modified_gmt":"2024-08-26T21:07:25","slug":"polityka-prywatnosci-2","status":"publish","type":"page","link":"https:\/\/projektmotylarnia.pl\/index.php\/polityka-prywatnosci-2\/","title":{"rendered":"Polityka prywatno\u015bci"},"content":{"rendered":"\t\t<div data-elementor-type=\"wp-page\" data-elementor-id=\"1508\" class=\"elementor elementor-1508\">\n\t\t\t\t<div class=\"elementor-element elementor-element-2df42e2b e-flex e-con-boxed e-con e-parent\" data-id=\"2df42e2b\" data-element_type=\"container\">\n\t\t\t\t\t<div class=\"e-con-inner\">\n\t\t\t\t<div class=\"elementor-element elementor-element-60d87041 elementor-widget elementor-widget-text-editor\" data-id=\"60d87041\" data-element_type=\"widget\" data-widget_type=\"text-editor.default\">\n\t\t\t\t<div class=\"elementor-widget-container\">\n\t\t\t\t\t\t\t<p>Niniejsza polityka prywatno\u015bci i plik\u00f3w cookies opisuje zasady post\u0119powania z danymi osobowymi oraz wykorzystywania plik\u00f3w cookies Us\u0142ugobiorc\u00f3w\/U\u017cytkownik\u00f3w, na rzecz kt\u00f3rych Administrator \u015bwiadczy Us\u0142ugi w oparciu o postanowienia Regulaminu (zwanej dalej Stron\u0105).<\/p>\n<p>Administratorem jest Magdalena Machowska, adres: ul. Smolna 13c\/118, 61-008 Pozna\u0144. Kontakt z administratorem mo\u017cliwy pod adresem e-mail m.machowska@projektmotylarnia.pl<\/p>\n<p>\u00a0<\/p>\n<p><strong>\u00a71 Dane osobowe<\/strong><\/p>\n<ol>\n<li>Administratorem danych osobowych U\u017cytkownika jest Administrator.<\/li>\n<li>Administrator zbiera dane osobowe Us\u0142ugobiorc\u00f3w w spos\u00f3b okre\u015blony w Regulaminie, kt\u00f3rego niniejsza Polityka Prywatno\u015bci jest integraln\u0105 cz\u0119\u015bci\u0105. W celu wykupienia Us\u0142ugi, Us\u0142ugobiorca powinien poda\u0107 dane zapewniaj\u0105ce mo\u017cliwo\u015b\u0107 jej realizacji oraz umo\u017cliwiaj\u0105ce kontakt z Us\u0142ugobiorc\u0105.<\/li>\n<li>Dane przekazane Administratorowi przetwarzane s\u0105 w celu realizacji umowy pomi\u0119dzy Administratorem i U\u017cytkownikiem polegaj\u0105cej na \u015bwiadczeniu us\u0142ug coachingowych lub innych, zawartych pomi\u0119dzy U\u017cytkownikiem a Administratorem.<\/li>\n<li>Administrator gwarantuje poufno\u015b\u0107 wszelkich przekazanych mu danych osobowych.<\/li>\n<li>Podanie danych jest zawsze dobrowolne, ale niezb\u0119dne w celu realizacji um\u00f3w, o kt\u00f3rych mowa w punkcie 3 powy\u017cej.<\/li>\n<li>Dane osobowe s\u0105 gromadzone z nale\u017cyt\u0105 staranno\u015bci\u0105 i odpowiednio chronione przed dost\u0119pem do nich przez osoby do tego nieupowa\u017cnione.<\/li>\n<li>U\u017cytkownikowi przys\u0142uguj\u0105 nast\u0119puj\u0105ce uprawnienia:\n<ul>\n<li>prawo do \u017c\u0105dania dost\u0119pu do swoich danych, ich sprostowania, usuni\u0119cia lub ograniczenia przetwarzania,<\/li>\n<li>prawo do wniesienia sprzeciwu wobec przetwarzania,<\/li>\n<li>prawo do przenoszenia danych,<\/li>\n<li>prawo do cofni\u0119cia zgody na przetwarzanie danych osobowych w okre\u015blonym celu, je\u017celi U\u017cytkownik uprzednio tak\u0105 zgod\u0119 wyrazi\u0142,<\/li>\n<li>prawo do wniesienia skargi do organu nadzorczego w zwi\u0105zku z przetwarzaniem danych osobowych przez Administratora<\/li>\n<\/ul>\n<\/li>\n<li>Administrator informuje niniejszym U\u017cytkownika, \u017ce dane osobowe nie s\u0105 przekazywane do pa\u0144stwa trzeciego.<\/li>\n<li>Do danych osobowych zbieranych przez Administratora maj\u0105 bezpo\u015bredni dost\u0119p jedynie upowa\u017cnieni pracownicy lub wsp\u00f3\u0142pracownicy Administratora oraz uprawnione osoby, kt\u00f3rym zosta\u0142y udzielone stosowne upowa\u017cnienia. Dane osobowe Us\u0142ugobiorc\u00f3w s\u0105 r\u00f3wnie\u017c udost\u0119pniane podmiotom dokonuj\u0105cym rejestracji domen w celu \u015bwiadczenia us\u0142ug polegaj\u0105cych na rejestracji domen.<\/li>\n<li>Administrator informuje niniejszym U\u017cytkownika, \u017ce powierza przetwarzanie danych osobowych personelowi i podwykonawcom Administratora odpowiedzialni za obs\u0142ug\u0119 Us\u0142ugobiorcy; podmiotom \u015bwiadcz\u0105cym us\u0142ugi na rzecz Administratora (tj. us\u0142ugi ksi\u0119gowe, p\u0142atno\u015bci elektronicznych i wsparcia technicznego, pocztowe, prawne) w celu i w zakresie koniecznym do prawid\u0142owego wykonania umowy.<\/li>\n<\/ol>\n<p><strong>\u00a73 Pliki cookies<\/strong><\/p>\n<ol>\n<li>Administrator wykorzystuje pliki cookies (ciasteczka), czyli niewielkie informacje tekstowe, przechowywane na urz\u0105dzeniu ko\u0144cowym U\u017cytkownika (np. komputerze, tablecie, smartfonie). Cookies mog\u0105 by\u0107 odczytywane przez system teleinformatyczny Administratora.<\/li>\n<li>Administrator przechowuje pliki cookies na urz\u0105dzeniu ko\u0144cowym U\u017cytkownika, a nast\u0119pnie uzyskuje dost\u0119p do informacji w nich zawartych w celach statystycznych, w celach marketingowych (remarketing) oraz w celu zapewnienia prawid\u0142owego dzia\u0142ania Strony.<\/li>\n<li>Administrator informuje niniejszym U\u017cytkownika, \u017ce istnieje mo\u017cliwo\u015b\u0107 takiej konfiguracji przegl\u0105darki internetowej, kt\u00f3ra uniemo\u017cliwia przechowywanie plik\u00f3w cookies na urz\u0105dzeniu ko\u0144cowym U\u017cytkownika. W takiej sytuacji, korzystanie ze Strony przez U\u017cytkownika mo\u017ce by\u0107 utrudnione.<\/li>\n<li>Administrator wskazuje niniejszym, \u017ce pliki cookies mog\u0105 by\u0107 przez U\u017cytkownika usuni\u0119te po ich zapisaniu przez Administratora, poprzez odpowiednie funkcje przegl\u0105darki internetowej, programy s\u0142u\u017c\u0105ce w tym celu lub skorzystanie z odpowiednich narz\u0119dzi dost\u0119pnych w ramach systemu operacyjnego, z kt\u00f3rego korzysta U\u017cytkownik.<\/li>\n<\/ol>\n<p><strong>\u00a74 Inne technologie<\/strong><\/p>\n<ol>\n<li>Administrator zastrzega sobie mo\u017cliwo\u015b\u0107 gromadzenia adres\u00f3w IP odwiedzaj\u0105cych stron\u0119 internetow\u0105 Administratora, kt\u00f3re mog\u0105 by\u0107 pomocne przy diagnozowaniu problem\u00f3w technicznych z serwerem, tworzeniu analiz statystycznych (np. okre\u015bleniu z jakich region\u00f3w notujemy najwi\u0119cej odwiedzin). Ponadto, mog\u0105 by\u0107 przydatne przy administrowaniu i udoskonalaniu strony internetowej Administratora.<\/li>\n<li>Administrator informuje niniejszym U\u017cytkownika, \u017ce stosuje nast\u0119puj\u0105ce technologie \u015bledz\u0105ce dzia\u0142ania podejmowane przez U\u017cytkownika w ramach jego strony internetowej:<br \/><strong>PRZYK\u0141ADOWE:<\/strong>\n<p>\u00a0<\/p>\n<ul>\n<li>piksel konwersji Facebooka \u2013 w celu zarz\u0105dzania reklamami na Facebooku i prowadzenia dzia\u0142a\u0144 remarketingowych,<\/li>\n<li>kod \u015bledzenia Google Analitycs \u2013 w celu analizy statystyk Strony, zbierane informacje nie pozwalaj\u0105 na identyfikacj\u0119 u\u017cytkownika,<\/li>\n<li>filmy z serwisu YouTube oraz Vimeo \u2013 wy\u015bwietlaj\u0105c taki film, godzisz si\u0119 na wykorzystywanie plik\u00f3w cookies firmy Google LLC dotycz\u0105cych us\u0142ugi YouTube lub plik\u00f3w cookies firmy Vimeo.<\/li>\n<\/ul>\n<\/li>\n<\/ol>\n<p><strong>\u00a75 Logi serwera<\/strong><\/p>\n<ol>\n<li>Korzystanie ze Strony wi\u0105\u017ce si\u0119 z przesy\u0142aniem zapyta\u0144 do serwera, na kt\u00f3rym przechowywana jest Strona.<\/li>\n<li>Ka\u017cde zapytanie skierowane do serwera zapisywane jest w logach serwera. Logi obejmuj\u0105 m.in. adres IP U\u017cytkownika, dat\u0119 i czas serwera, informacje o przegl\u0105darce internetowej i systemie operacyjnym, z jakiego korzysta U\u017cytkownik.<\/li>\n<li>Logi zapisywane i przechowywane s\u0105 na serwerze. Dane zapisane w logach serwera nie s\u0105 kojarzone z konkretnymi osobami korzystaj\u0105cymi ze Strony i nie s\u0105 wykorzystywane przez Administratora w celu identyfikacji U\u017cytkownika.<\/li>\n<li>Logi serwera stanowi\u0105 wy\u0142\u0105cznie materia\u0142 pomocniczy s\u0142u\u017c\u0105cy do administrowania Stron\u0105, a ich zawarto\u015b\u0107 nie jest ujawniana nikomu poza osobami upowa\u017cnionymi do administrowania serwerem.<\/li>\n<\/ol>\n<p><strong>\u00a76 Wy\u0142\u0105czenie odpowiedzialno\u015bci<\/strong><\/p>\n<ol>\n<li>Polityka Prywatno\u015bci nie obejmuje jakichkolwiek informacji dotycz\u0105cych us\u0142ug lub towar\u00f3w innych podmiot\u00f3w ni\u017c Administrator, kt\u00f3re zosta\u0142y zamieszczone na stronach strony internetowej Us\u0142ugodawcy komercyjnie, go\u015bcinnie, na zasadach wzajemno\u015bci lub nies\u0142u\u017c\u0105cych osi\u0105gni\u0119ciu efektu handlowego.<\/li>\n<li>Administrator nie odpowiada za dzia\u0142ania lub zaniechania U\u017cytkownik\u00f3w, skutkiem kt\u00f3rych Administrator przetwarza podane przez nich dane osobowe w spos\u00f3b okre\u015blony w Polityce Prywatno\u015bci.<\/li>\n<li>Administrator zastrzega sobie prawo do wprowadzania zmian, wycofania lub modyfikacji funkcji lub w\u0142a\u015bciwo\u015bci swojej strony internetowej, a tak\u017ce zaprzestania dzia\u0142alno\u015bci, przeniesienia praw do swojej strony internetowej oraz dokonania wszelkich czynno\u015bci prawnych dozwolonych przez obowi\u0105zuj\u0105ce przepisy prawa. W celu unikni\u0119cia w\u0105tpliwo\u015bci, U\u017cytkownikowi nie przys\u0142uguj\u0105 z tego tytu\u0142u \u017cadne roszczenia wzgl\u0119dem Administratora.<\/li>\n<\/ol>\t\t\t\t\t\t<\/div>\n\t\t\t\t<\/div>\n\t\t\t\t\t<\/div>\n\t\t\t\t<\/div>\n\t\t\t\t<\/div>\n\t\t","protected":false},"excerpt":{"rendered":"<p>Niniejsza polityka prywatno\u015bci i plik\u00f3w cookies opisuje zasady post\u0119powania z danymi osobowymi oraz wykorzystywania plik\u00f3w cookies Us\u0142ugobiorc\u00f3w\/U\u017cytkownik\u00f3w, na rzecz kt\u00f3rych Administrator \u015bwiadczy Us\u0142ugi w oparciu o postanowienia Regulaminu (zwanej dalej&hellip;<\/p>\n","protected":false},"author":1,"featured_media":0,"parent":0,"menu_order":0,"comment_status":"closed","ping_status":"closed","template":"","meta":{"_lmt_disableupdate":"","_lmt_disable":"","footnotes":""},"class_list":["post-1508","page","type-page","status-publish","hentry"],"yoast_head":"<!-- This site is optimized with the Yoast SEO plugin v23.6 - https:\/\/yoast.com\/wordpress\/plugins\/seo\/ -->\n<title>Polityka prywatno\u015bci - Magdalena Machowska - Coach - projektmotylarnia.pl<\/title>\n<meta name=\"robots\" content=\"index, follow, max-snippet:-1, max-image-preview:large, max-video-preview:-1\" \/>\n<link rel=\"canonical\" href=\"https:\/\/projektmotylarnia.pl\/index.php\/polityka-prywatnosci-2\/\" \/>\n<meta property=\"og:locale\" content=\"pl_PL\" \/>\n<meta property=\"og:type\" content=\"article\" \/>\n<meta property=\"og:title\" content=\"Polityka prywatno\u015bci - Magdalena Machowska - Coach - projektmotylarnia.pl\" \/>\n<meta property=\"og:description\" content=\"Niniejsza polityka prywatno\u015bci i plik\u00f3w cookies opisuje zasady post\u0119powania z danymi osobowymi oraz wykorzystywania plik\u00f3w cookies Us\u0142ugobiorc\u00f3w\/U\u017cytkownik\u00f3w, na rzecz kt\u00f3rych Administrator \u015bwiadczy Us\u0142ugi w oparciu o postanowienia Regulaminu (zwanej dalej&hellip;\" \/>\n<meta property=\"og:url\" content=\"https:\/\/projektmotylarnia.pl\/index.php\/polityka-prywatnosci-2\/\" \/>\n<meta property=\"og:site_name\" content=\"Magdalena Machowska - Coach - projektmotylarnia.pl\" \/>\n<meta property=\"article:publisher\" content=\"Magda Machowska\" \/>\n<meta property=\"article:modified_time\" content=\"2024-08-26T21:07:25+00:00\" \/>\n<meta name=\"twitter:card\" content=\"summary_large_image\" \/>\n<meta name=\"twitter:label1\" content=\"Szacowany czas czytania\" \/>\n\t<meta name=\"twitter:data1\" content=\"5 minut\" \/>\n<script type=\"application\/ld+json\" class=\"yoast-schema-graph\">{\"@context\":\"https:\/\/schema.org\",\"@graph\":[{\"@type\":\"WebPage\",\"@id\":\"https:\/\/projektmotylarnia.pl\/index.php\/polityka-prywatnosci-2\/\",\"url\":\"https:\/\/projektmotylarnia.pl\/index.php\/polityka-prywatnosci-2\/\",\"name\":\"Polityka prywatno\u015bci - Magdalena Machowska - Coach - projektmotylarnia.pl\",\"isPartOf\":{\"@id\":\"https:\/\/projektmotylarnia.pl\/#website\"},\"datePublished\":\"2024-08-22T19:59:01+00:00\",\"dateModified\":\"2024-08-26T21:07:25+00:00\",\"breadcrumb\":{\"@id\":\"https:\/\/projektmotylarnia.pl\/index.php\/polityka-prywatnosci-2\/#breadcrumb\"},\"inLanguage\":\"pl-PL\",\"potentialAction\":[{\"@type\":\"ReadAction\",\"target\":[\"https:\/\/projektmotylarnia.pl\/index.php\/polityka-prywatnosci-2\/\"]}]},{\"@type\":\"BreadcrumbList\",\"@id\":\"https:\/\/projektmotylarnia.pl\/index.php\/polityka-prywatnosci-2\/#breadcrumb\",\"itemListElement\":[{\"@type\":\"ListItem\",\"position\":1,\"name\":\"Strona g\u0142\u00f3wna\",\"item\":\"https:\/\/projektmotylarnia.pl\/\"},{\"@type\":\"ListItem\",\"position\":2,\"name\":\"Polityka prywatno\u015bci\"}]},{\"@type\":\"WebSite\",\"@id\":\"https:\/\/projektmotylarnia.pl\/#website\",\"url\":\"https:\/\/projektmotylarnia.pl\/\",\"name\":\"Magdalena Machowska - Coach - projektmotylarnia.pl\",\"description\":\"\",\"publisher\":{\"@id\":\"https:\/\/projektmotylarnia.pl\/#\/schema\/person\/af74a6e0b5688a23cda591590b083c1a\"},\"potentialAction\":[{\"@type\":\"SearchAction\",\"target\":{\"@type\":\"EntryPoint\",\"urlTemplate\":\"https:\/\/projektmotylarnia.pl\/?s={search_term_string}\"},\"query-input\":{\"@type\":\"PropertyValueSpecification\",\"valueRequired\":true,\"valueName\":\"search_term_string\"}}],\"inLanguage\":\"pl-PL\"},{\"@type\":[\"Person\",\"Organization\"],\"@id\":\"https:\/\/projektmotylarnia.pl\/#\/schema\/person\/af74a6e0b5688a23cda591590b083c1a\",\"name\":\"Magdalena Machowska\",\"image\":{\"@type\":\"ImageObject\",\"inLanguage\":\"pl-PL\",\"@id\":\"https:\/\/projektmotylarnia.pl\/#\/schema\/person\/image\/\",\"url\":\"https:\/\/projektmotylarnia.pl\/wp-content\/uploads\/2024\/08\/Motylarnia.-7.png\",\"contentUrl\":\"https:\/\/projektmotylarnia.pl\/wp-content\/uploads\/2024\/08\/Motylarnia.-7.png\",\"width\":500,\"height\":81,\"caption\":\"Magdalena Machowska\"},\"logo\":{\"@id\":\"https:\/\/projektmotylarnia.pl\/#\/schema\/person\/image\/\"},\"sameAs\":[\"https:\/\/projektmotylarnia.pl\",\"Magda Machowska\",\"Magda_Machowska_\",\"https:\/\/www.linkedin.com\/in\/magdalena-machowska-she-her-2267b31a9\/?utm_source=share&utm_campaign=share_via&utm_content=profile&utm_medium=android_app\"]}]}<\/script>\n<!-- \/ Yoast SEO plugin. -->","yoast_head_json":{"title":"Polityka prywatno\u015bci - Magdalena Machowska - Coach - projektmotylarnia.pl","robots":{"index":"index","follow":"follow","max-snippet":"max-snippet:-1","max-image-preview":"max-image-preview:large","max-video-preview":"max-video-preview:-1"},"canonical":"https:\/\/projektmotylarnia.pl\/index.php\/polityka-prywatnosci-2\/","og_locale":"pl_PL","og_type":"article","og_title":"Polityka prywatno\u015bci - Magdalena Machowska - Coach - projektmotylarnia.pl","og_description":"Niniejsza polityka prywatno\u015bci i plik\u00f3w cookies opisuje zasady post\u0119powania z danymi osobowymi oraz wykorzystywania plik\u00f3w cookies Us\u0142ugobiorc\u00f3w\/U\u017cytkownik\u00f3w, na rzecz kt\u00f3rych Administrator \u015bwiadczy Us\u0142ugi w oparciu o postanowienia Regulaminu (zwanej dalej&hellip;","og_url":"https:\/\/projektmotylarnia.pl\/index.php\/polityka-prywatnosci-2\/","og_site_name":"Magdalena Machowska - Coach - projektmotylarnia.pl","article_publisher":"Magda Machowska","article_modified_time":"2024-08-26T21:07:25+00:00","twitter_card":"summary_large_image","twitter_misc":{"Szacowany czas czytania":"5 minut"},"schema":{"@context":"https:\/\/schema.org","@graph":[{"@type":"WebPage","@id":"https:\/\/projektmotylarnia.pl\/index.php\/polityka-prywatnosci-2\/","url":"https:\/\/projektmotylarnia.pl\/index.php\/polityka-prywatnosci-2\/","name":"Polityka prywatno\u015bci - Magdalena Machowska - Coach - projektmotylarnia.pl","isPartOf":{"@id":"https:\/\/projektmotylarnia.pl\/#website"},"datePublished":"2024-08-22T19:59:01+00:00","dateModified":"2024-08-26T21:07:25+00:00","breadcrumb":{"@id":"https:\/\/projektmotylarnia.pl\/index.php\/polityka-prywatnosci-2\/#breadcrumb"},"inLanguage":"pl-PL","potentialAction":[{"@type":"ReadAction","target":["https:\/\/projektmotylarnia.pl\/index.php\/polityka-prywatnosci-2\/"]}]},{"@type":"BreadcrumbList","@id":"https:\/\/projektmotylarnia.pl\/index.php\/polityka-prywatnosci-2\/#breadcrumb","itemListElement":[{"@type":"ListItem","position":1,"name":"Strona g\u0142\u00f3wna","item":"https:\/\/projektmotylarnia.pl\/"},{"@type":"ListItem","position":2,"name":"Polityka prywatno\u015bci"}]},{"@type":"WebSite","@id":"https:\/\/projektmotylarnia.pl\/#website","url":"https:\/\/projektmotylarnia.pl\/","name":"Magdalena Machowska - Coach - projektmotylarnia.pl","description":"","publisher":{"@id":"https:\/\/projektmotylarnia.pl\/#\/schema\/person\/af74a6e0b5688a23cda591590b083c1a"},"potentialAction":[{"@type":"SearchAction","target":{"@type":"EntryPoint","urlTemplate":"https:\/\/projektmotylarnia.pl\/?s={search_term_string}"},"query-input":{"@type":"PropertyValueSpecification","valueRequired":true,"valueName":"search_term_string"}}],"inLanguage":"pl-PL"},{"@type":["Person","Organization"],"@id":"https:\/\/projektmotylarnia.pl\/#\/schema\/person\/af74a6e0b5688a23cda591590b083c1a","name":"Magdalena Machowska","image":{"@type":"ImageObject","inLanguage":"pl-PL","@id":"https:\/\/projektmotylarnia.pl\/#\/schema\/person\/image\/","url":"https:\/\/projektmotylarnia.pl\/wp-content\/uploads\/2024\/08\/Motylarnia.-7.png","contentUrl":"https:\/\/projektmotylarnia.pl\/wp-content\/uploads\/2024\/08\/Motylarnia.-7.png","width":500,"height":81,"caption":"Magdalena Machowska"},"logo":{"@id":"https:\/\/projektmotylarnia.pl\/#\/schema\/person\/image\/"},"sameAs":["https:\/\/projektmotylarnia.pl","Magda Machowska","Magda_Machowska_","https:\/\/www.linkedin.com\/in\/magdalena-machowska-she-her-2267b31a9\/?utm_source=share&utm_campaign=share_via&utm_content=profile&utm_medium=android_app"]}]}},"_links":{"self":[{"href":"https:\/\/projektmotylarnia.pl\/index.php\/wp-json\/wp\/v2\/pages\/1508","targetHints":{"allow":["GET"]}}],"collection":[{"href":"https:\/\/projektmotylarnia.pl\/index.php\/wp-json\/wp\/v2\/pages"}],"about":[{"href":"https:\/\/projektmotylarnia.pl\/index.php\/wp-json\/wp\/v2\/types\/page"}],"author":[{"embeddable":true,"href":"https:\/\/projektmotylarnia.pl\/index.php\/wp-json\/wp\/v2\/users\/1"}],"replies":[{"embeddable":true,"href":"https:\/\/projektmotylarnia.pl\/index.php\/wp-json\/wp\/v2\/comments?post=1508"}],"version-history":[{"count":6,"href":"https:\/\/projektmotylarnia.pl\/index.php\/wp-json\/wp\/v2\/pages\/1508\/revisions"}],"predecessor-version":[{"id":1527,"href":"https:\/\/projektmotylarnia.pl\/index.php\/wp-json\/wp\/v2\/pages\/1508\/revisions\/1527"}],"wp:attachment":[{"href":"https:\/\/projektmotylarnia.pl\/index.php\/wp-json\/wp\/v2\/media?parent=1508"}],"curies":[{"name":"wp","href":"https:\/\/api.w.org\/{rel}","templated":true}]}}